p + 5. Let z be m(-1). Let y = 1271 - z. List the prime factors of y.
593
Let g be (-8)/(-6)*(4 - (-3)/6). Suppose -g*t + 192 + 156 = 0. What are the prime factors of t?
2, 29
Suppose 0 = 25*x + 29226 + 54474. Let a = x - -5259. What are the prime factors of a?
3, 7, 13
Suppose 1072296 = -2826*k + 2862*k. What are the prime factors of k?
2, 53, 281
Suppose 36*a + 43*a = -68*a + 454524. What are the prime factors of a?
2, 773
Suppose -d + 5541 = 3*n, -20*d + 5*n = -17*d - 16651. List the prime factors of d.
3, 43
List the prime factors of ((-27400)/6)/(-1) + 32/(-144)*3.
2, 3, 761
Suppose -14707 = -18*y - 595. Suppose 5*q = -0*q + 3*n + y, 318 = 2*q + n. What are the prime factors of q?
2, 79
List the prime factors of (26/(-91) - 15/(-28)) + (-128791)/(-4).
2, 17, 947
Suppose 2*j - 220762 = -4*s, 5*s - 284*j = -280*j + 275933. List the prime factors of s.
229, 241
Let x = 87 - 84. Suppose -2*b - 317 = -x*a + 861, b + 787 = 2*a. List the prime factors of a.
2, 3, 11
Let v = -667 - -368. Let c = 470 + v. What are the prime factors of c?
3, 19
Let r = 13667 + -8116. What are the prime factors of r?
7, 13, 61
Let u = -2098 + -244. List the prime factors of (48/(-120) + u/20)*-2.
5, 47
Suppose 0*u + 0*u + 3*u = 0. Let p be (-4 + 3)*u - -3 - -140. Suppose 7*a + p = 8*a. List the prime factors of a.
11, 13
Suppose 2*k - 849 = -k. Suppose 0 = 3*y - 24*y + 42. Suppose y*s + k = 4*j + 95, -2*j + 94 = -4*s. What are the prime factors of j?
47
Let j be 76/10 - (-6 + (-28)/(-5)). Suppose -4*m + 12 = -j, 3*m = -4*v + 615. Let s = -40 + v. List the prime factors of s.
2, 5, 11
Suppose 5*p = 4*a + 11888, 4*p - 5*a = -0*p + 9505. List the prime factors of p.
2, 5, 7, 17
Let s = -81 - -41. Let y be s + 210 - -1*2*1. Suppose 9*c - y = 7*c. What are the prime factors of c?
2, 43
Let j = -130 - -269. Let r(y) = 59*y - 206. Let g be r(5). Suppose -q + j - g = 0. List the prime factors of q.
2, 5
Suppose 133*m - 8585 - 109359 = 125*m. List the prime factors of m.
23, 641
Let t(k) = k**2 + 11*k - 22. Let u be t(2). List the prime factors of u/20 + 4774/5.
5, 191
Let j be (-1467)/(-42)*4*7. What are the prime factors of 6/(-5)*(-10)/3 + j?
2, 491
Suppose 0 = -12*x + 7*x + 15. Let t be ((-2)/x)/(5/(-15)) + -1. What are the prime factors of -1 - (t - 1) - (-2 + -24)?
5
Suppose 0 = 5*d + 20, -5779 = -13*s + 12*s + 2*d. What are the prime factors of s?
29, 199
Let w = -14576 - -52864. List the prime factors of w.
2, 2393
Let y(r) = 9 + 7 + 2*r**2 + 9 - r**2 - 12*r. Let t be y(13). Let n = t - -15. What are the prime factors of n?
53
Let j(i) = -i + 136. Let g be ((-192)/(-24))/((-2)/(-7)). What are the prime factors of j(g)?
2, 3
Suppose -5*v = s - 27, 5*v - 10*s = -5*s + 45. Suppose -4*o - f = -4668, -5*o - 9*f + v*f + 5835 = 0. List the prime factors of o.
3, 389
Let z(b) = b. Let x(j) = 27*j**3 + 8*j + 3. Let c(i) = x(i) - 4*z(i). Let o be c(-2). Let p = -147 - o. List the prime factors of p.
2, 37
Suppose 62 + 282 = 4*b. Let o = 60 - b. Let c(h) = -2*h + 33. What are the prime factors of c(o)?
5, 17
Suppose 3*n = 3*n + 4*n. Suppose n = c - 3*v - 9, 4*v = -3*c + 7*c - 44. Suppose -y + 5*y = -c, -3*y = 5*x - 321. List the prime factors of x.
2, 3, 11
Let k(l) = 96*l**3 - 33*l**2 - 22*l + 146. List the prime factors of k(8).
2, 3, 5, 1567
Let p be ((-150)/4)/(-5)*10/15. Suppose p*s + 970 = 6*s. List the prime factors of s.
2, 5, 97
Suppose 3*r - 169 = -4*m, 8*m - 13*m = -2*r + 105. List the prime factors of 1636 - (40/(-22) - 10/r).
2, 3, 7, 13
Suppose -6*n + 188 = -1066. Let t = n - -363. List the prime factors of t.
2, 11, 13
Suppose -2938008 = -462*r - 296*r. What are the prime factors of r?
2, 3, 17, 19
Let u(g) = 19*g - g**2 + 2*g**2 - 15*g + 26. List the prime factors of u(6).
2, 43
Suppose -12*o + 198 = -270. Let t = 71 + -41. Let y = o - t. List the prime factors of y.
3
Let v be (-14)/(-2) + 2*-1. Let x(f) = 13*f - 24. Let z be x(v). Suppose 3*d - 242 = -3*g - z, 250 = 4*g - 2*d. List the prime factors of g.
2
Suppose 6*u + 3042 = 12*u. Let l = 86 + u. List the prime factors of l.
593
Let i be (-22 - (0 + -1))/(-1). Suppose 45*o = 26*o - 76. What are the prime factors of (54/o - -3)/(i/(-28))?
2, 7
Suppose 10*i - 866 = 5564. Suppose 689 = 2*b - i. What are the prime factors of b?
2, 3, 37
Suppose 0 = 11*p + 52 + 58. What are the prime factors of ((-6)/p)/(32/1120)?
3, 7
Suppose 0 = -2*s - 4*b - 390, s + 0*b + 196 = -b. Suppose -h - 161 = -4*q, -295 - 123 = 3*h + q. Let m = h - s. What are the prime factors of m?
2, 7
Let u(c) = 38*c + 52. Let i = -477 + 511. List the prime factors of u(i).
2, 3, 7
Suppose -3*l - z = 2*l - 29787, -23820 = -4*l + 4*z. Suppose l = -g + 24*g. What are the prime factors of g?
7, 37
Let j = 55 - 53. Let a be 2/(32/12)*-8 + j. Let n(k) = -3*k**3 - 4*k**2 + 7*k + 9. List the prime factors of n(a).
109
Suppose -375499 + 2287973 = 268*r - 492290. What are the prime factors of r?
3, 997
Let i(b) = 3*b - 21. Let k be i(-10). Let g be k*(-10)/15 - 2. Suppose -g = -3*o - o + v, -4*v = 0. What are the prime factors of o?
2
Let y(b) = -3*b**2 - 12*b + 1. Let j be y(-3). Suppose -j = 2*q, 11*u - 13*u + 2*q + 594 = 0. List the prime factors of u.
2, 73
Let p be (-165)/(-143) - 1 - (-14623)/13. Suppose -t - 265 = -p. What are the prime factors of t?
2, 5, 43
Suppose -3*r + x + 18717 = r, -2 = 2*x. List the prime factors of r.
4679
Let g(n) = 2*n**2 + 8*n + 25. Let y be g(-23). Suppose 6*x - y = 2209. What are the prime factors of x?
2, 7, 37
Let j be 2/6 + 2*(-1)/6. Suppose -2*x - 4*v + 10 = j, -3*x - v + 2*v = -8. Suppose 5*b - 248 = -3*y, -x*y + 220 = -0*b - 2*b. What are the prime factors of y?
2, 19
Suppose -313236 = -125*v + 114*v. List the prime factors of v.
2, 3, 7, 113
Suppose -14*s + 69 - 13 = 0. Suppose 5*f = -s*f + 72. Suppose 3*h - 100 = -2*w, -f*w + 7*w + 4*h = -72. What are the prime factors of w?
2, 7
Let u(m) = -789*m + 20. Let x be u(2). Let y = -988 - x. List the prime factors of y.
2, 3, 5, 19
Let x(p) = p**3 + 2*p**2 - 14*p + 5. Let n be x(-5). Suppose -4*i + n*i = -52. What are the prime factors of i?
13
Let s = -118713 + 209589. List the prime factors of s.
2, 3, 7573
Let a be 1*6/(12/10). Let j be (a - (1 - -1)) + 20/(-10). Let s(q) = 8*q - 2. What are the prime factors of s(j)?
2, 3
Let a(f) = 3*f**2 + 7*f + 10. Let r be a(-4). Suppose -4*s + 21 = -5*o, -o + 0*o + r = 3*s. What are the prime factors of (((-6)/s)/(4/(-534)))/1?
89
Suppose 31*l + 24736 = 181441. What are the prime factors of l?
3, 5, 337
Suppose -3*n + 10881 = -d - 6694, 3*d + 5877 = n. What are the prime factors of n?
2, 3, 61
Suppose 1 = 3*p - 5, 11210 = t + 2*p. What are the prime factors of t?
2, 13, 431
Suppose 2*i + 5*l = -6 - 0, -4*i = -2*l - 36. Suppose 36792 = i*z + 17*z. List the prime factors of z.
3, 7, 73
Suppose -3*q = -5*w + 377, -6*w = q - 4*w + 133. Let d = 133 + q. Suppose 4*h + 2*m - 1132 = -2*m, -283 = -h - d*m. List the prime factors of h.
283
Suppose -4*o + 194611 = -b, -3*o - 156*b = -161*b - 145920. List the prime factors of o.
5, 37, 263
Suppose -28*y + 197926 + 114026 = 22292. What are the prime factors of y?
5, 2069
List the prime factors of (117 + -47)/(-35)*5*(-4670)/4.
5, 467
Suppose 12686 = 26*z - 7230. Let m = z - 313. What are the prime factors of m?
3, 151
Let z = -47 + 53. Let y be (-266 - -20)*(-2)/z. Let d = 48 + y. List the prime factors of d.
2, 5, 13
Suppose 22*d - 18*d = 16. Suppose 2*b - 6 = 3*c, b + d*c + c = 3. Suppose -4*s + 559 = 5*q, -q + b*q - 562 = -4*s. What are the prime factors of s?
3, 47
Let h = -6595 - -6591. Let f(t) = -8*t - 2*t**2 - 4*t - 5 - 3. List the prime factors of f(h).
2
List the prime factors of 14/(-126)*(-437570 - (4 + -3 + 0)).
48619
Suppose -468 = 4*x - 128. Let z = -83 - x. What are the prime factors of (-1)/(z/8*4/(-257))?
257
Suppose -37*x + 41*x = -108. Let i(c) = -c**3 - 27*c**2 - 11. Let z be i(x). List the prime factors of (0 - 2*2) + (z - -79).
2
Suppose -o - 79 = -p + 158, -5*o - 1221 = 4*p. Let f = o - -76. List the prime factors of 5*((-6)/33 + (-822)/f).
2, 3
Let s(n) = 6*n**2 + 9*n + 6604. What are the prime factors of s(0)?
2, 13, 127
Let o(c) = 494*c**2 + c - 1. Let h be o(-1). Suppose -n + 5*t = -28 - 117, 4*n + 2*t = h. List the prime factors of n.
5
Let j(b) = -b**3 